{"id":85,"date":"2026-02-22T19:47:15","date_gmt":"2026-02-22T19:47:15","guid":{"rendered":"https:\/\/eurankemikalio.com\/?page_id=85"},"modified":"2026-02-23T22:08:18","modified_gmt":"2026-02-23T22:08:18","slug":"tuoksut","status":"publish","type":"page","link":"https:\/\/eurankemikalio.com\/index.php\/tuoksut\/","title":{"rendered":"TUOKSUT"},"content":{"rendered":"<style>.wp-block-kadence-advancedbtn.kb-btns85_9b148a-dd{gap:var(--global-kb-gap-none, 0rem );justify-content:center;align-items:flex-end;}.kt-btns85_9b148a-dd .kt-button{font-weight:normal;font-style:normal;}.kt-btns85_9b148a-dd .kt-btn-wrap-0{margin-right:5px;}.wp-block-kadence-advancedbtn.kt-btns85_9b148a-dd .kt-btn-wrap-0 .kt-button{color:#555555;border-color:#555555;}.wp-block-kadence-advancedbtn.kt-btns85_9b148a-dd .kt-btn-wrap-0 .kt-button:hover, .wp-block-kadence-advancedbtn.kt-btns85_9b148a-dd .kt-btn-wrap-0 .kt-button:focus{color:#ffffff;border-color:#444444;}.wp-block-kadence-advancedbtn.kt-btns85_9b148a-dd .kt-btn-wrap-0 .kt-button::before{display:none;}.wp-block-kadence-advancedbtn.kt-btns85_9b148a-dd .kt-btn-wrap-0 .kt-button:hover, .wp-block-kadence-advancedbtn.kt-btns85_9b148a-dd .kt-btn-wrap-0 .kt-button:focus{background:#444444;}<\/style>\n<div class=\"wp-block-kadence-advancedbtn kb-buttons-wrap kb-btns85_9b148a-dd\"><style>ul.menu .wp-block-kadence-advancedbtn .kb-btn85_43c350-2c.kb-button{width:initial;}.wp-block-kadence-advancedbtn .kb-btn85_43c350-2c.kb-button{color:#1d1d1d;background:#5ebd19;}.wp-block-kadence-advancedbtn .kb-btn85_43c350-2c.kb-button:hover, .wp-block-kadence-advancedbtn .kb-btn85_43c350-2c.kb-button:focus{background:#5ebd19;}<\/style><a class=\"kb-button kt-button button kb-btn85_43c350-2c kt-btn-size-standard kt-btn-width-type-full kb-btn-global-fill  kt-btn-has-text-true kt-btn-has-svg-false  wp-block-kadence-singlebtn\" href=\"https:\/\/eurankemikalio.com\/\"><span class=\"kt-btn-inner-text\">Etusivu<\/span><\/a>\n\n<style>ul.menu .wp-block-kadence-advancedbtn .kb-btn85_b30893-53.kb-button{width:initial;}.wp-block-kadence-advancedbtn .kb-btn85_b30893-53.kb-button{color:#1d1d1d;background:#5ebd19;}.wp-block-kadence-advancedbtn .kb-btn85_b30893-53.kb-button:hover, .wp-block-kadence-advancedbtn .kb-btn85_b30893-53.kb-button:focus{background:#5ebd19;}<\/style><a class=\"kb-button kt-button button kb-btn85_b30893-53 kt-btn-size-standard kt-btn-width-type-full kb-btn-global-fill  kt-btn-has-text-true kt-btn-has-svg-false  wp-block-kadence-singlebtn\" href=\"https:\/\/eurankemikalio.com\/index.php\/euran-kemikalio-2\/\"><span class=\"kt-btn-inner-text\">Kemikalio<\/span><\/a>\n\n<style>ul.menu .wp-block-kadence-advancedbtn .kb-btn85_d4dc61-54.kb-button{width:initial;}.wp-block-kadence-advancedbtn .kb-btn85_d4dc61-54.kb-button{color:#1d1d1d;background:#5ebd19;}.wp-block-kadence-advancedbtn .kb-btn85_d4dc61-54.kb-button:hover, .wp-block-kadence-advancedbtn .kb-btn85_d4dc61-54.kb-button:focus{background:#5ebd19;}<\/style><a class=\"kb-button kt-button button kb-btn85_d4dc61-54 kt-btn-size-standard kt-btn-width-type-full kb-btn-global-fill  kt-btn-has-text-true kt-btn-has-svg-false  wp-block-kadence-singlebtn\" href=\"https:\/\/eurankemikalio.com\/index.php\/euran-kemikalio\/\"><span class=\"kt-btn-inner-text\">Kosmetiikka<\/span><\/a>\n\n<style>ul.menu .wp-block-kadence-advancedbtn .kb-btn85_800158-ac.kb-button{width:initial;}.wp-block-kadence-advancedbtn .kb-btn85_800158-ac.kb-button{color:#1d1d1d;background:#5ebd19;}.wp-block-kadence-advancedbtn .kb-btn85_800158-ac.kb-button:hover, .wp-block-kadence-advancedbtn .kb-btn85_800158-ac.kb-button:focus{background:#5ebd19;}<\/style><a class=\"kb-button kt-button button kb-btn85_800158-ac kt-btn-size-standard kt-btn-width-type-full kb-btn-global-fill  kt-btn-has-text-true kt-btn-has-svg-false  wp-block-kadence-singlebtn\" href=\"https:\/\/eurankemikalio.com\/index.php\/tuoksut\/\"><span class=\"kt-btn-inner-text\">Tuoksut<\/span><\/a>\n\n<style>ul.menu .wp-block-kadence-advancedbtn .kb-btn85_74d3e7-5e.kb-button{width:initial;}.wp-block-kadence-advancedbtn .kb-btn85_74d3e7-5e.kb-button{color:#1d1d1d;background:#5ebd19;}.wp-block-kadence-advancedbtn .kb-btn85_74d3e7-5e.kb-button:hover, .wp-block-kadence-advancedbtn .kb-btn85_74d3e7-5e.kb-button:focus{background:#5ebd19;}<\/style><a class=\"kb-button kt-button button kb-btn85_74d3e7-5e kt-btn-size-standard kt-btn-width-type-full kb-btn-global-fill  kt-btn-has-text-true kt-btn-has-svg-false  wp-block-kadence-singlebtn\" href=\"https:\/\/eurankemikalio.com\/index.php\/korut\/\"><span class=\"kt-btn-inner-text\">Korut<\/span><\/a>\n\n<style>ul.menu .wp-block-kadence-advancedbtn .kb-btn85_b67352-e5.kb-button{width:initial;}.wp-block-kadence-advancedbtn .kb-btn85_b67352-e5.kb-button{color:#1d1d1d;background:#5ebd19;}.wp-block-kadence-advancedbtn .kb-btn85_b67352-e5.kb-button:hover, .wp-block-kadence-advancedbtn .kb-btn85_b67352-e5.kb-button:focus{background:#5ebd19;}<\/style><a class=\"kb-button kt-button button kb-btn85_b67352-e5 kt-btn-size-standard kt-btn-width-type-full kb-btn-global-fill  kt-btn-has-text-true kt-btn-has-svg-false  wp-block-kadence-singlebtn\" href=\"https:\/\/eurankemikalio.com\/index.php\/paahineet\/\"><span class=\"kt-btn-inner-text\">P\u00e4\u00e4hineet<\/span><\/a><\/div>\n\n\n\n<div>\n<div><style>.kb-image85_3dbb29-fd.kb-image-is-ratio-size, .kb-image85_3dbb29-fd .kb-image-is-ratio-size{max-width:3000px;width:100%;}.wp-block-kadence-column > .kt-inside-inner-col > .kb-image85_3dbb29-fd.kb-image-is-ratio-size, .wp-block-kadence-column > .kt-inside-inner-col > .kb-image85_3dbb29-fd .kb-image-is-ratio-size{align-self:unset;}.kb-image85_3dbb29-fd figure{max-width:3000px;}.kb-image85_3dbb29-fd .image-is-svg, .kb-image85_3dbb29-fd .image-is-svg img{width:100%;}.kb-image85_3dbb29-fd .kb-image-has-overlay:after{opacity:0.3;}<\/style>\n<div class=\"wp-block-kadence-image kb-image85_3dbb29-fd\"><figure class=\"aligncenter size-full\"><img decoding=\"async\" width=\"900\" height=\"508\" data-src=\"https:\/\/eurankemikalio.com\/wp-content\/uploads\/2026\/02\/parfyymisalonki.jpg\" alt=\"\" class=\"kb-img wp-image-86 lazyload\" data-srcset=\"https:\/\/eurankemikalio.com\/wp-content\/uploads\/2026\/02\/parfyymisalonki.jpg 900w, https:\/\/eurankemikalio.com\/wp-content\/uploads\/2026\/02\/parfyymisalonki-300x169.jpg 300w, https:\/\/eurankemikalio.com\/wp-content\/uploads\/2026\/02\/parfyymisalonki-768x433.jpg 768w\" data-sizes=\"(max-width: 900px) 100vw, 900px\" src=\"data:image\/svg+xml;base64,PHN2ZyB3aWR0aD0iMSIgaGVpZ2h0PSIxIiB4bWxucz0iaHR0cDovL3d3dy53My5vcmcvMjAwMC9zdmciPjwvc3ZnPg==\" style=\"--smush-placeholder-width: 900px; --smush-placeholder-aspect-ratio: 900\/508;\" \/><\/figure><\/div>\n<\/div>\n\n\n<style>.wp-block-kadence-advancedheading.kt-adv-heading85_810734-59, .wp-block-kadence-advancedheading.kt-adv-heading85_810734-59[data-kb-block=\"kb-adv-heading85_810734-59\"]{font-weight:400;font-style:normal;font-family:'Roboto Condensed';}.wp-block-kadence-advancedheading.kt-adv-heading85_810734-59 mark.kt-highlight, .wp-block-kadence-advancedheading.kt-adv-heading85_810734-59[data-kb-block=\"kb-adv-heading85_810734-59\"] mark.kt-highlight{font-style:normal;color:#f76a0c;-webkit-box-decoration-break:clone;box-decoration-break:clone;padding-top:0px;padding-right:0px;padding-bottom:0px;padding-left:0px;}.wp-block-kadence-advancedheading.kt-adv-heading85_810734-59 img.kb-inline-image, .wp-block-kadence-advancedheading.kt-adv-heading85_810734-59[data-kb-block=\"kb-adv-heading85_810734-59\"] img.kb-inline-image{width:150px;vertical-align:baseline;}<\/style>\n<h2 class=\"kt-adv-heading85_810734-59 wp-block-kadence-advancedheading\" data-kb-block=\"kb-adv-heading85_810734-59\"><strong>TUOKSUT<\/strong><\/h2>\n<\/div>\n\n\n<style>.wp-block-kadence-advancedheading.kt-adv-heading85_12863f-d2, .wp-block-kadence-advancedheading.kt-adv-heading85_12863f-d2[data-kb-block=\"kb-adv-heading85_12863f-d2\"]{font-weight:400;font-style:normal;font-family:'Roboto Condensed';}.wp-block-kadence-advancedheading.kt-adv-heading85_12863f-d2 mark.kt-highlight, .wp-block-kadence-advancedheading.kt-adv-heading85_12863f-d2[data-kb-block=\"kb-adv-heading85_12863f-d2\"] mark.kt-highlight{font-style:normal;color:#f76a0c;-webkit-box-decoration-break:clone;box-decoration-break:clone;padding-top:0px;padding-right:0px;padding-bottom:0px;padding-left:0px;}.wp-block-kadence-advancedheading.kt-adv-heading85_12863f-d2 img.kb-inline-image, .wp-block-kadence-advancedheading.kt-adv-heading85_12863f-d2[data-kb-block=\"kb-adv-heading85_12863f-d2\"] img.kb-inline-image{width:150px;vertical-align:baseline;}<\/style>\n<h4 class=\"kt-adv-heading85_12863f-d2 wp-block-kadence-advancedheading\" data-kb-block=\"kb-adv-heading85_12863f-d2\"><strong>Ainutlaatuinen tuoksujen maailmaa, naisten Parfyymisalonki<\/strong><\/h4>\n\n\n<style>.wp-block-kadence-advancedheading.kt-adv-heading85_d6e753-ed, .wp-block-kadence-advancedheading.kt-adv-heading85_d6e753-ed[data-kb-block=\"kb-adv-heading85_d6e753-ed\"]{font-style:normal;}.wp-block-kadence-advancedheading.kt-adv-heading85_d6e753-ed mark.kt-highlight, .wp-block-kadence-advancedheading.kt-adv-heading85_d6e753-ed[data-kb-block=\"kb-adv-heading85_d6e753-ed\"] mark.kt-highlight{font-style:normal;color:#f76a0c;-webkit-box-decoration-break:clone;box-decoration-break:clone;padding-top:0px;padding-right:0px;padding-bottom:0px;padding-left:0px;}.wp-block-kadence-advancedheading.kt-adv-heading85_d6e753-ed img.kb-inline-image, .wp-block-kadence-advancedheading.kt-adv-heading85_d6e753-ed[data-kb-block=\"kb-adv-heading85_d6e753-ed\"] img.kb-inline-image{width:150px;vertical-align:baseline;}<\/style>\n<p class=\"kt-adv-heading85_d6e753-ed wp-block-kadence-advancedheading\" data-kb-block=\"kb-adv-heading85_d6e753-ed\">Euran Kemikalio on laajentunut naisten Parfyymisalongiksi. Siell\u00e4 voi sohvalla istuen tuoksutella hajuvesi\u00e4, joita on runsas valikoima. Pirjo tekee tilauksesta henkil\u00f6kohtaisia tuoksuanalyyseja.<\/p>\n\n\n<style>.wp-block-kadence-advancedheading.kt-adv-heading85_8f0abe-e0, .wp-block-kadence-advancedheading.kt-adv-heading85_8f0abe-e0[data-kb-block=\"kb-adv-heading85_8f0abe-e0\"]{font-weight:400;font-style:normal;font-family:'Roboto Condensed';}.wp-block-kadence-advancedheading.kt-adv-heading85_8f0abe-e0 mark.kt-highlight, .wp-block-kadence-advancedheading.kt-adv-heading85_8f0abe-e0[data-kb-block=\"kb-adv-heading85_8f0abe-e0\"] mark.kt-highlight{font-style:normal;color:#f76a0c;-webkit-box-decoration-break:clone;box-decoration-break:clone;padding-top:0px;padding-right:0px;padding-bottom:0px;padding-left:0px;}.wp-block-kadence-advancedheading.kt-adv-heading85_8f0abe-e0 img.kb-inline-image, .wp-block-kadence-advancedheading.kt-adv-heading85_8f0abe-e0[data-kb-block=\"kb-adv-heading85_8f0abe-e0\"] img.kb-inline-image{width:150px;vertical-align:baseline;}<\/style>\n<h4 class=\"kt-adv-heading85_8f0abe-e0 wp-block-kadence-advancedheading\" data-kb-block=\"kb-adv-heading85_8f0abe-e0\"><strong>Naisten uutuustuoksut:<\/strong><\/h4>\n\n\n<style>.wp-block-kadence-advancedheading.kt-adv-heading85_d2a372-1b, .wp-block-kadence-advancedheading.kt-adv-heading85_d2a372-1b[data-kb-block=\"kb-adv-heading85_d2a372-1b\"]{font-style:normal;}.wp-block-kadence-advancedheading.kt-adv-heading85_d2a372-1b mark.kt-highlight, .wp-block-kadence-advancedheading.kt-adv-heading85_d2a372-1b[data-kb-block=\"kb-adv-heading85_d2a372-1b\"] mark.kt-highlight{font-style:normal;color:#f76a0c;-webkit-box-decoration-break:clone;box-decoration-break:clone;padding-top:0px;padding-right:0px;padding-bottom:0px;padding-left:0px;}.wp-block-kadence-advancedheading.kt-adv-heading85_d2a372-1b img.kb-inline-image, .wp-block-kadence-advancedheading.kt-adv-heading85_d2a372-1b[data-kb-block=\"kb-adv-heading85_d2a372-1b\"] img.kb-inline-image{width:150px;vertical-align:baseline;}<\/style>\n<p class=\"kt-adv-heading85_d2a372-1b wp-block-kadence-advancedheading\" data-kb-block=\"kb-adv-heading85_d2a372-1b\">Givenchy Dahlia Divin Eau de Parfum Nude<br>Boucheron Quatre Absolu de Nuit<br>Bvlgari Goldea The Roman Night<br>Calvin Klein Obsessed<br>Marc Jacobs Decadence Eau de Decadent<br>Viva La Juicy Glac\u00e9<\/p>\n\n\n<style>.wp-block-kadence-advancedheading.kt-adv-heading85_c21fb1-b8, .wp-block-kadence-advancedheading.kt-adv-heading85_c21fb1-b8[data-kb-block=\"kb-adv-heading85_c21fb1-b8\"]{font-weight:400;font-style:normal;font-family:'Roboto Condensed';}.wp-block-kadence-advancedheading.kt-adv-heading85_c21fb1-b8 mark.kt-highlight, .wp-block-kadence-advancedheading.kt-adv-heading85_c21fb1-b8[data-kb-block=\"kb-adv-heading85_c21fb1-b8\"] mark.kt-highlight{font-style:normal;color:#f76a0c;-webkit-box-decoration-break:clone;box-decoration-break:clone;padding-top:0px;padding-right:0px;padding-bottom:0px;padding-left:0px;}.wp-block-kadence-advancedheading.kt-adv-heading85_c21fb1-b8 img.kb-inline-image, .wp-block-kadence-advancedheading.kt-adv-heading85_c21fb1-b8[data-kb-block=\"kb-adv-heading85_c21fb1-b8\"] img.kb-inline-image{width:150px;vertical-align:baseline;}<\/style>\n<h4 class=\"kt-adv-heading85_c21fb1-b8 wp-block-kadence-advancedheading\" data-kb-block=\"kb-adv-heading85_c21fb1-b8\"><strong>Naisten tuoksut<\/strong><\/h4>\n\n\n<style>.wp-block-kadence-advancedheading.kt-adv-heading85_8468f5-9b, .wp-block-kadence-advancedheading.kt-adv-heading85_8468f5-9b[data-kb-block=\"kb-adv-heading85_8468f5-9b\"]{font-style:normal;}.wp-block-kadence-advancedheading.kt-adv-heading85_8468f5-9b mark.kt-highlight, .wp-block-kadence-advancedheading.kt-adv-heading85_8468f5-9b[data-kb-block=\"kb-adv-heading85_8468f5-9b\"] mark.kt-highlight{font-style:normal;color:#f76a0c;-webkit-box-decoration-break:clone;box-decoration-break:clone;padding-top:0px;padding-right:0px;padding-bottom:0px;padding-left:0px;}.wp-block-kadence-advancedheading.kt-adv-heading85_8468f5-9b img.kb-inline-image, .wp-block-kadence-advancedheading.kt-adv-heading85_8468f5-9b[data-kb-block=\"kb-adv-heading85_8468f5-9b\"] img.kb-inline-image{width:150px;vertical-align:baseline;}<\/style>\n<p class=\"kt-adv-heading85_8468f5-9b wp-block-kadence-advancedheading\" data-kb-block=\"kb-adv-heading85_8468f5-9b\">Agent Provocateur<br>Anna Sui<br>Aura by Swarovski<br>Balmain<br>Beyonce<br>Boucheron: Boucheron, Jaipur, Place Vendome<br>Britney Spears<br>Burberry<br>Bvlgari<br>Calvin Klein<br>Elizabeth Arden: 5th Avenue, After Five, Green Tea, Green Tea Nectarin, Pretty, Provocative Woman, Red Door, Red Door Aura, Untold<br>Elizabeth Taylor: White Diamond<br>Esprit<br>Givenchy<br>Jennifer Lopez<br>Jimmy Choo<br>Juicy Couture: Couture, La Lai, Royal Hollywood, Viva la Juicy rose<br>Just Cavalli<br>Justin Bieber<br>Kate Perry<br>Lady Gaga<br>Lanvin<br>Madonna<br>Marc Jacobs<br>Panos Emporio<br>Roberto Cavalli<br>Salvador Dali<br>Taylor Swift<br>Therry Mugler: Alien, Angel, Womanity<br>Trussardi<br>4711<br><br>Suomalaiset tuoksut: Hannele, Helena, Max Joacim Eau de Finlande<br>Luomutuoksut: Melvita, Jeanne en Provence, Terre d&#8217;Oc<\/p>\n\n\n<style>.wp-block-kadence-advancedheading.kt-adv-heading85_e9d86f-8b, .wp-block-kadence-advancedheading.kt-adv-heading85_e9d86f-8b[data-kb-block=\"kb-adv-heading85_e9d86f-8b\"]{font-weight:400;font-style:normal;font-family:'Roboto Condensed';}.wp-block-kadence-advancedheading.kt-adv-heading85_e9d86f-8b mark.kt-highlight, .wp-block-kadence-advancedheading.kt-adv-heading85_e9d86f-8b[data-kb-block=\"kb-adv-heading85_e9d86f-8b\"] mark.kt-highlight{font-style:normal;color:#f76a0c;-webkit-box-decoration-break:clone;box-decoration-break:clone;padding-top:0px;padding-right:0px;padding-bottom:0px;padding-left:0px;}.wp-block-kadence-advancedheading.kt-adv-heading85_e9d86f-8b img.kb-inline-image, .wp-block-kadence-advancedheading.kt-adv-heading85_e9d86f-8b[data-kb-block=\"kb-adv-heading85_e9d86f-8b\"] img.kb-inline-image{width:150px;vertical-align:baseline;}<\/style>\n<h4 class=\"kt-adv-heading85_e9d86f-8b wp-block-kadence-advancedheading\" data-kb-block=\"kb-adv-heading85_e9d86f-8b\"><strong>Miesten uutuudet:<\/strong><\/h4>\n\n\n<style>.wp-block-kadence-advancedgallery .kb-gallery-type-masonry.kb-gallery-id-85_2201c6-80{margin:-5px;}.kb-gallery-type-masonry.kb-gallery-id-85_2201c6-80 .kadence-blocks-gallery-item{padding:5px;}.kb-gallery-id-85_2201c6-80 .kadence-blocks-gallery-item .kb-gal-image-radius, .kb-gallery-id-85_2201c6-80 .kb-slide-item .kb-gal-image-radius img{border-radius:0px 0px 0px 0px;;}.kb-gallery-id-85_2201c6-80 .kadence-blocks-gallery-item .kadence-blocks-gallery-item-inner .kadence-blocks-gallery-item__caption{color:var(--theme-palette-color-8, #ffffff);}.kb-gallery-caption-style-bottom.kb-gallery-id-85_2201c6-80 .kadence-blocks-gallery-item .kadence-blocks-gallery-item-inner .kadence-blocks-gallery-item__caption, .kb-gallery-caption-style-bottom-hover.kb-gallery-id-85_2201c6-80 .kadence-blocks-gallery-item .kadence-blocks-gallery-item-inner .kadence-blocks-gallery-item__caption{background:linear-gradient(0deg, #000000 0, rgba(0, 0, 0, 0) 100%);}<\/style><div class=\"kb-gallery-wrap-id-85_2201c6-80 alignnone wp-block-kadence-advancedgallery\"><ul class=\"kb-gallery-ul kb-gallery-non-static kb-gallery-type-masonry kb-masonry-init kb-gallery-id-85_2201c6-80 kb-gallery-caption-style-bottom kb-gallery-filter-none\" data-image-filter=\"none\" data-item-selector=\".kadence-blocks-gallery-item\" data-lightbox-caption=\"true\" data-columns-xxl=\"3\" data-columns-xl=\"3\" data-columns-md=\"3\" data-columns-sm=\"2\" data-columns-xs=\"1\" data-columns-ss=\"1\"><li class=\"kadence-blocks-gallery-item\"><div class=\"kadence-blocks-gallery-item-inner\"><figure class=\"kb-gallery-figure kadence-blocks-gallery-item-has-caption\"><div class=\"kb-gal-image-radius\" style=\"max-width:288px;\"><div class=\"kb-gallery-image-contain kadence-blocks-gallery-intrinsic\" style=\"padding-bottom:104%;\"><img decoding=\"async\" data-src=\"https:\/\/eurankemikalio.com\/wp-content\/uploads\/2026\/02\/gentleman-288x300.png\" width=\"288\" height=\"300\" alt=\"\" data-full-image=\"https:\/\/eurankemikalio.com\/wp-content\/uploads\/2026\/02\/gentleman.png\" data-light-image=\"https:\/\/eurankemikalio.com\/wp-content\/uploads\/2026\/02\/gentleman.png\" data-id=\"89\" class=\"wp-image-89 lazyload\" data-srcset=\"https:\/\/eurankemikalio.com\/wp-content\/uploads\/2026\/02\/gentleman-288x300.png 288w, https:\/\/eurankemikalio.com\/wp-content\/uploads\/2026\/02\/gentleman.png 500w\" data-sizes=\"(max-width: 288px) 100vw, 288px\" src=\"data:image\/svg+xml;base64,PHN2ZyB3aWR0aD0iMSIgaGVpZ2h0PSIxIiB4bWxucz0iaHR0cDovL3d3dy53My5vcmcvMjAwMC9zdmciPjwvc3ZnPg==\" style=\"--smush-placeholder-width: 288px; --smush-placeholder-aspect-ratio: 288\/300;\" \/><\/div><div class=\"kadence-blocks-gallery-item__caption\">Gentleman Givenchy edt.<\/div><\/div><\/figure><\/div><\/li><li class=\"kadence-blocks-gallery-item\"><div class=\"kadence-blocks-gallery-item-inner\"><figure class=\"kb-gallery-figure kadence-blocks-gallery-item-has-caption\"><div class=\"kb-gal-image-radius\" style=\"max-width:300px;\"><div class=\"kb-gallery-image-contain kadence-blocks-gallery-intrinsic\" style=\"padding-bottom:100%;\"><img decoding=\"async\" data-src=\"https:\/\/eurankemikalio.com\/wp-content\/uploads\/2026\/02\/boucheron__quatre-300x300.png\" width=\"300\" height=\"300\" alt=\"\" data-full-image=\"https:\/\/eurankemikalio.com\/wp-content\/uploads\/2026\/02\/boucheron__quatre.png\" data-light-image=\"https:\/\/eurankemikalio.com\/wp-content\/uploads\/2026\/02\/boucheron__quatre.png\" data-id=\"88\" class=\"wp-image-88 lazyload\" data-srcset=\"https:\/\/eurankemikalio.com\/wp-content\/uploads\/2026\/02\/boucheron__quatre-300x300.png 300w, https:\/\/eurankemikalio.com\/wp-content\/uploads\/2026\/02\/boucheron__quatre-150x150.png 150w, https:\/\/eurankemikalio.com\/wp-content\/uploads\/2026\/02\/boucheron__quatre.png 370w\" data-sizes=\"(max-width: 300px) 100vw, 300px\" src=\"data:image\/svg+xml;base64,PHN2ZyB3aWR0aD0iMSIgaGVpZ2h0PSIxIiB4bWxucz0iaHR0cDovL3d3dy53My5vcmcvMjAwMC9zdmciPjwvc3ZnPg==\" style=\"--smush-placeholder-width: 300px; --smush-placeholder-aspect-ratio: 300\/300;\" \/><\/div><div class=\"kadence-blocks-gallery-item__caption\">Boucheron Quatre Absolu de Nuit pour homme<\/div><\/div><\/figure><\/div><\/li><li class=\"kadence-blocks-gallery-item\"><div class=\"kadence-blocks-gallery-item-inner\"><figure class=\"kb-gallery-figure kadence-blocks-gallery-item-has-caption\"><div class=\"kb-gal-image-radius\" style=\"max-width:183px;\"><div class=\"kb-gallery-image-contain kadence-blocks-gallery-intrinsic\" style=\"padding-bottom:163%;\"><img decoding=\"async\" data-src=\"https:\/\/eurankemikalio.com\/wp-content\/uploads\/2026\/02\/obsessed-183x300.jpg\" width=\"183\" height=\"300\" alt=\"\" data-full-image=\"https:\/\/eurankemikalio.com\/wp-content\/uploads\/2026\/02\/obsessed.jpg\" data-light-image=\"https:\/\/eurankemikalio.com\/wp-content\/uploads\/2026\/02\/obsessed.jpg\" data-id=\"87\" class=\"wp-image-87 lazyload\" data-srcset=\"https:\/\/eurankemikalio.com\/wp-content\/uploads\/2026\/02\/obsessed-183x300.jpg 183w, https:\/\/eurankemikalio.com\/wp-content\/uploads\/2026\/02\/obsessed.jpg 400w\" data-sizes=\"(max-width: 183px) 100vw, 183px\" src=\"data:image\/svg+xml;base64,PHN2ZyB3aWR0aD0iMSIgaGVpZ2h0PSIxIiB4bWxucz0iaHR0cDovL3d3dy53My5vcmcvMjAwMC9zdmciPjwvc3ZnPg==\" style=\"--smush-placeholder-width: 183px; --smush-placeholder-aspect-ratio: 183\/300;\" \/><\/div><div class=\"kadence-blocks-gallery-item__caption\">Calvin Klein: Obsessed<\/div><\/div><\/figure><\/div><\/li><\/ul><\/div>\n\n<style>.wp-block-kadence-advancedheading.kt-adv-heading85_ffa8ce-b9, .wp-block-kadence-advancedheading.kt-adv-heading85_ffa8ce-b9[data-kb-block=\"kb-adv-heading85_ffa8ce-b9\"]{font-weight:400;font-style:normal;font-family:'Roboto Condensed';}.wp-block-kadence-advancedheading.kt-adv-heading85_ffa8ce-b9 mark.kt-highlight, .wp-block-kadence-advancedheading.kt-adv-heading85_ffa8ce-b9[data-kb-block=\"kb-adv-heading85_ffa8ce-b9\"] mark.kt-highlight{font-style:normal;color:#f76a0c;-webkit-box-decoration-break:clone;box-decoration-break:clone;padding-top:0px;padding-right:0px;padding-bottom:0px;padding-left:0px;}.wp-block-kadence-advancedheading.kt-adv-heading85_ffa8ce-b9 img.kb-inline-image, .wp-block-kadence-advancedheading.kt-adv-heading85_ffa8ce-b9[data-kb-block=\"kb-adv-heading85_ffa8ce-b9\"] img.kb-inline-image{width:150px;vertical-align:baseline;}<\/style>\n<h4 class=\"kt-adv-heading85_ffa8ce-b9 wp-block-kadence-advancedheading\" data-kb-block=\"kb-adv-heading85_ffa8ce-b9\"><strong>Miesten tuoksut<\/strong><\/h4>\n\n\n<style>.wp-block-kadence-advancedheading.kt-adv-heading85_008259-2c, .wp-block-kadence-advancedheading.kt-adv-heading85_008259-2c[data-kb-block=\"kb-adv-heading85_008259-2c\"]{font-style:normal;}.wp-block-kadence-advancedheading.kt-adv-heading85_008259-2c mark.kt-highlight, .wp-block-kadence-advancedheading.kt-adv-heading85_008259-2c[data-kb-block=\"kb-adv-heading85_008259-2c\"] mark.kt-highlight{font-style:normal;color:#f76a0c;-webkit-box-decoration-break:clone;box-decoration-break:clone;padding-top:0px;padding-right:0px;padding-bottom:0px;padding-left:0px;}.wp-block-kadence-advancedheading.kt-adv-heading85_008259-2c img.kb-inline-image, .wp-block-kadence-advancedheading.kt-adv-heading85_008259-2c[data-kb-block=\"kb-adv-heading85_008259-2c\"] img.kb-inline-image{width:150px;vertical-align:baseline;}<\/style>\n<p class=\"kt-adv-heading85_008259-2c wp-block-kadence-advancedheading\" data-kb-block=\"kb-adv-heading85_008259-2c\">Azzaro<br>Balmain<br>Boucheron<br>Bvlgari<br>Calvin Klein<br>David Beckham<br>Davidoff<br>Esprit<br>Ferrari<br>Givenchy<br>Jimmy Choo<br>Lagerfeld<br>Lanvin<br>John Varvatos: Artisan, Black Artisan, Classic, Vintage<br>Just Cavalli<br>Panos Emporio<br>Salvador Dali<\/p>\n\n\n\n<div class=\"gb-element-b519e065\"><style>.kb-image85_29a443-97 .kb-image-has-overlay:after{opacity:0.3;}<\/style>\n<figure class=\"wp-block-kadence-image kb-image85_29a443-97 size-full\"><img decoding=\"async\" width=\"900\" height=\"204\" data-src=\"https:\/\/eurankemikalio.com\/wp-content\/uploads\/2026\/02\/IMG_tuoksut.jpg\" alt=\"\" class=\"kb-img wp-image-91 lazyload\" data-srcset=\"https:\/\/eurankemikalio.com\/wp-content\/uploads\/2026\/02\/IMG_tuoksut.jpg 900w, https:\/\/eurankemikalio.com\/wp-content\/uploads\/2026\/02\/IMG_tuoksut-300x68.jpg 300w, https:\/\/eurankemikalio.com\/wp-content\/uploads\/2026\/02\/IMG_tuoksut-768x174.jpg 768w\" data-sizes=\"(max-width: 900px) 100vw, 900px\" src=\"data:image\/svg+xml;base64,PHN2ZyB3aWR0aD0iMSIgaGVpZ2h0PSIxIiB4bWxucz0iaHR0cDovL3d3dy53My5vcmcvMjAwMC9zdmciPjwvc3ZnPg==\" style=\"--smush-placeholder-width: 900px; --smush-placeholder-aspect-ratio: 900\/204;\" \/><\/figure>\n<\/div>\n\n\n\n<p><\/p>\n","protected":false},"excerpt":{"rendered":"<p>TUOKSUT Ainutlaatuinen tuoksujen maailmaa, naisten Parfyymisalonki Euran Kemikalio on laajentunut naisten Parfyymisalongiksi. Siell\u00e4 voi sohvalla istuen tuoksutella hajuvesi\u00e4, joita on runsas valikoima. Pirjo tekee tilauksesta henkil\u00f6kohtaisia tuoksuanalyyseja. Naisten uutuustuoksut: Givenchy Dahlia Divin Eau de Parfum NudeBoucheron Quatre Absolu de NuitBvlgari Goldea The Roman NightCalvin Klein ObsessedMarc Jacobs Decadence Eau de DecadentViva La Juicy Glac\u00e9 Naisten [&hellip;]<\/p>\n","protected":false},"author":1,"featured_media":0,"parent":0,"menu_order":0,"comment_status":"closed","ping_status":"closed","template":"","meta":{"footnotes":""},"class_list":["post-85","page","type-page","status-publish","hentry"],"blocksy_meta":[],"_links":{"self":[{"href":"https:\/\/eurankemikalio.com\/index.php\/wp-json\/wp\/v2\/pages\/85","targetHints":{"allow":["GET"]}}],"collection":[{"href":"https:\/\/eurankemikalio.com\/index.php\/wp-json\/wp\/v2\/pages"}],"about":[{"href":"https:\/\/eurankemikalio.com\/index.php\/wp-json\/wp\/v2\/types\/page"}],"author":[{"embeddable":true,"href":"https:\/\/eurankemikalio.com\/index.php\/wp-json\/wp\/v2\/users\/1"}],"replies":[{"embeddable":true,"href":"https:\/\/eurankemikalio.com\/index.php\/wp-json\/wp\/v2\/comments?post=85"}],"version-history":[{"count":4,"href":"https:\/\/eurankemikalio.com\/index.php\/wp-json\/wp\/v2\/pages\/85\/revisions"}],"predecessor-version":[{"id":208,"href":"https:\/\/eurankemikalio.com\/index.php\/wp-json\/wp\/v2\/pages\/85\/revisions\/208"}],"wp:attachment":[{"href":"https:\/\/eurankemikalio.com\/index.php\/wp-json\/wp\/v2\/media?parent=85"}],"curies":[{"name":"wp","href":"https:\/\/api.w.org\/{rel}","templated":true}]}}